est common factor of 76 and r.
2
Let q be (-1 + 1/(-4))*-28. Let s(d) = 2*d**2 + 5*d + 26. Let j be s(-9). Let r = -128 + j. What is the greatest common factor of r and q?
5
Let q be (8460/144)/((-25)/(-480)). Calculate the highest common divisor of q and 192.
24
Let g be (10/6)/(175/253260). What is the highest common factor of g and 288?
36
Suppose -38*y + 36*y + 4 = 0. Let t(a) = 3*a - y*a - 8*a + 6*a. Let o be t(-9). What is the greatest common factor of 27 and o?
9
Let l(h) = -11487*h + 4 + h**2 + 11493*h - 27 - 9 + 3. Let c be l(4). What is the greatest common divisor of 33 and c?
11
Let c = -137 - -668. Let y = c - 431. Calculate the greatest common factor of y and 8.
4
Let p(y) = -y**3 + 31*y**2 - 12*y + 543. Let c be p(31). What is the highest common divisor of 711 and c?
9
Let i = -25134 - -25158. What is the greatest common factor of 7836 and i?
12
Suppose 0*j + 12 = 2*j. Let g(x) = -18*x - x**3 - 14*x - 5*x**2 + 27*x. Let u be g(-6). What is the highest common factor of u and j?
6
Suppose 0 = 230*k - 245*k + 14 + 226. What is the greatest common divisor of 4512 and k?
16
Let t = -49 - -57. Let p be 24*20/t - (1 - 1). Let f be 8/(-6)*(-2 - 28). Calculate the highest common divisor of p and f.
20
Suppose 0 = -528*s + 509*s + 209. Suppose -4*j = 4*i - 40, -s*i = -3*j - 8*i + 6. Let a be ((-1)/2)/(2/(-120)). What is the highest common factor of a and j?
6
Suppose -m - 5*z - 5 = 10, -2*z = -3*m + 40. Let p(y) = -3*y + 63. Let t be p(m). Calculate the greatest common divisor of t and 528.
33
Suppose 1 = -2*y + 67. Suppose -3*c + 213 - y = 0. What is the highest common factor of c and 180?
60
Let l be (-1)/(-7) + (-72008)/(-56). Suppose i + 227 = -5*k + l, -3*i = -3*k + 639. What is the greatest common factor of k and 53?
53
Suppose f + 6*f = 105. Suppose -f = -21*y + 20*y. Suppose -5*i = -8*i + y. What is the greatest common divisor of i and 1?
1
Suppose 1000 - 184 = 51*u. Calculate the greatest common factor of 12480 and u.
16
Let f be (688/(-129))/((-3)/333). Suppose 5*a - 227 = -3*h, -297 = -4*h - 3*a + 2*a. What is the greatest common divisor of h and f?
74
Suppose 0 = 11*r - 3 - 129. Suppose 596 = r*p + 104. What is the greatest common divisor of p and 82?
41
Suppose 2*d = -0*c - 3*c + 8, 3*d = 3. Suppose c*f - 10 - 6 = 0. Suppose 0 = -l + x + 44, f*l - 218 = 3*l + 4*x. What is the greatest common factor of 63 and l?
21
Let o = -466 + 490. What is the highest common factor of o and 62?
2
Let i = -42424 - -42649. Suppose 4*l - 5*l = -100. What is the greatest common divisor of l and i?
25
Let d(s) = -2*s**2 + 65*s + 703. Let i be d(41). Let h(q) = -39*q. Let u be h(-2). What is the highest common factor of i and u?
6
Suppose 3*q = -2*b + 6, 24 = 3*q - 3*b - b. Suppose f + f + 6 = 3*w, -4*w = -3*f - 7. Suppose 4 = w*x - q. What is the greatest common factor of x and 22?
2
Let c be 0 - ((-2)/(-8) + (-7)/(-4)). Let a be (c + 16/12)*6. Let i be (-2)/(a + 1192/300). Calculate the greatest common divisor of 15 and i.
15
Let t = 9680 - 9554. What is the highest common divisor of t and 558?
18
Suppose -33 - 45 = 2*z - 4*l, 3*z + 112 = l. Let s = z + 71. Suppose 0 = i - 2*r - 214, r - 48 = -53. Calculate the greatest common factor of i and s.
34
Let p = -23 + 74. Suppose -q + a = -7, 3*q + 2*q + 3*a = p. Suppose -29 + 479 = q*r. What is the highest common divisor of 50 and r?
50
Let n = -3074 - -3091. What is the highest common factor of n and 1207?
17
Suppose 19*j = 23*j - 1140. Let l be j/(-12)*(8 - 12). What is the highest common divisor of 38 and l?
19
Let j = -13 + 18. Let y(c) = 3*c - 6. Let k be y(j). Let q = -34504 + 34522. What is the greatest common factor of k and q?
9
Let d be (2/(-3))/((-2)/18). Let a(r) = -34*r**2 - 220*r - 21. Let s be a(-6). What is the highest common factor of s and d?
3
Let t(c) = 57*c**2 - 4*c - 7. Let j be t(5). Let h be ((-12)/(-4))/((-9)/j). Let m = -271 - h. Calculate the greatest common divisor of 39 and m.
39
Let t be (2/6)/(-6*12/(-10584)). Suppose 2*z + q - 33 = t, 4 = q. What is the highest common divisor of z and 3?
3
Suppose -2*a - 2*r = 0, -18*a + 16*a - 3*r - 1 = 0. Let l be (-32)/((a - 5)*(-7)/(-42)). What is the highest common divisor of 3 and l?
3
Suppose -12428 = -221*c + 21385. Calculate the greatest common divisor of c and 486.
9
Let d(i) = i**2 - 26*i + 216. Let y be d(8). What is the highest common factor of 792 and y?
72
Suppose 4*n - n + 2*r = -8, -2 = 2*n - 2*r. Let v be ((-5)/10)/(n/48). Let s be (-236)/(-59)*(-1)/(-4) + 59. Calculate the greatest common factor of s and v.
12
Let l(r) = -r**3 + 14*r**2 - 8*r - 55. Let u be l(13). What is the highest common factor of 415 and u?
5
Let y(u) = 2*u - 16. Let l be y(14). Let b(h) = h - 10. Let r be b(7). Let f be ((-4)/r)/(274/54 - 5). What is the greatest common divisor of f and l?
6
Let f(q) = q**3 - 57*q**2 - 110*q + 425. Let x be f(59). What is the greatest common divisor of 1242 and x?
69
Suppose -z - 12060*i + 74 = -12058*i, 80 = z - i. Suppose -3*x - 15 = -b, 0 = -0*b + 2*b + 4*x + 10. Calculate the highest common divisor of z and b.
3
Suppose -3120 = -2*m + 4*h, -4*h - 2295 + 8499 = 4*m. Let c be m/(-49)*(-28)/8. What is the highest common factor of c and 407?
37
Suppose -380*c - 4*g = -382*c + 976, -966 = -2*c - g. Calculate the highest common divisor of c and 748.
44
Suppose w - 189 = 5*y - 686, y = 2*w + 103. Calculate the greatest common factor of y and 1727.
11
Suppose 4*d - 1906 = 12*w - 17*w, -3*d = -12. Calculate the greatest common divisor of w and 399.
21
Suppose 91*q - 2128 - 1992 = 5343 - 2365. Suppose -3*y - 230 = -932. Calculate the highest common factor of y and q.
78
Let i(m) = 2 - 6 + 13 - 7*m**2 + m**3 + 4*m. Let k be i(6). Let s be (-2)/(-30)*5 - 47/k. Calculate the highest common factor of s and 24.
8
Let t = -13853 + 13872. Calculate the greatest common divisor of 162 and t.
1
Let q be ((-305)/2)/(845/(-676)). Calculate the greatest common divisor of q and 9638.
122
Let d = -323 + 327. Let o be 0 - 3 - 10*-2. Let t = o + -9. Calculate the greatest common divisor of d and t.
4
Let m(n) = -n**2 + 4*n + 725. Let c be m(23). What is the greatest common factor of 1416 and c?
24
Suppose -2*b = 64 - 390. Let m = b + -139. Calculate the highest common divisor of 1008 and m.
24
Let y = 151 - 151. Suppose y*b = 5*b + 2*t - 1342, -4*t = 3*b - 794. Calculate the greatest common factor of 108 and b.
54
Let y be (35/(-70))/(1/(-118)). Suppose 5*t + 5*w - 55 = 0, -63*w - 4 = -2*t - y*w. What is the greatest common factor of t and 12?
4
Let m be -9 - 4*490/(-40). What is the greatest common factor of m and 1320?
40
Suppose 0 = -c + 2*c - 5*m - 230, -4*m = 5*c - 1266. Let p be -1 - (-4 - (c - 3)). Calculate the highest common factor of p and 20.
10
Let t(q) = -q**2 + 24*q + 745. Let v be t(41). Calculate the greatest common divisor of v and 786.
6
Let i = 47 - 15. Suppose v = 5*q - i, 2*v - 9 = -v. Suppose 0*g + 490 = q*g. What is the highest common factor of 28 and g?
14
Let u be (-484)/((-2)/6*3). Let y = 892 + -881. Calculate the greatest common factor of u and y.
11
Let k(h) = 51*h - 63. Let d be k(15). Suppose d*z - 696*z = 60. Calculate the greatest common divisor of z and 410.
10
Let w = 33 + -31. Let h(u) = -u + 2*u + 2*u + 22 - w*u. Let j be h(-9). Calculate the greatest common divisor of j and 143.
13
Suppose 3*s - 381 = -3*g, -4*g - s + 436 = -69. Suppose 3*w = -3*x + 63, -x = -5*w + 4*w + 31. Let y = w + -12. Calculate the highest common factor of g and y.
14
Let n = 0 + 1. Let w be 4*(1/2)/((432/30)/36). Calculate the greatest common divisor of n and w.
1
Let v be (4/2 - -110)*(-2 - -4). Suppose 3*c - 4*t + 2*t = v, 84 = c - 3*t. Suppose y + c = 7*y. What is the highest common divisor of 12 and y?
12
Let p(f) = 226*f - 160. Let t be p(16). Calculate the greatest common factor of 378 and t.
54
Let s = 2628 - 2608. Calculate the greatest common factor of 38 and s.
2
Let q be ((-114)/4)/(-4 - (-21)/6). Let f = -45 + q. Suppose 35 + 1 = r. Calculate the greatest common factor of f and r.
12
Suppose r - 3*d - 17 = 28, 2*d - 10 = 0. Suppose -3*n + l = -r - 0, 0 = -5*l. Calculate the greatest common factor of 110 and n.
10
Let t(s) = s**3 + 11*s**2 - 23*s + 39. Let f be t(-13). Let g be f - 8/(-12)*(-1632)/(-4). Cal